7*w - 57. Let o be b(6). Calculate the highest common factor of o and 180.
45
Suppose 4*u - 11*u = 0. Suppose -5*r + 298 = 4*o - 263, -r - 3 = u. What is the highest common divisor of o and 16?
16
Let p(u) = -5*u + 177. Let w be p(24). Let q be (7 + -8)/((-2)/38). Calculate the highest common divisor of w and q.
19
Let i(g) = g**3 - 17*g**2 - 2*g + 42. Let c be i(17). Suppose 8 = 2*p - 24. Calculate the highest common divisor of p and c.
8
Let j be -3*(1 - (-35)/3). Let m = j - -45. What is the greatest common factor of 21 and m?
7
Let j be (-196)/(-21) - (32/(-12))/4. Let g be -2 + (0 - -2) + 20. Calculate the greatest common factor of g and j.
10
Let r be 0 + 4 - 2/(-2). Suppose a + 3*a - 255 = -w, -5*a = r*w - 330. Let i be (-18)/a - 396/(-14). Calculate the greatest common divisor of 308 and i.
28
Let m = 1308 + -758. What is the highest common factor of 66 and m?
22
Let b = 47 - 44. Let g be (-1)/(b + (-3)/(126/129)). What is the highest common divisor of 98 and g?
14
Suppose -34*l - 263 = -1045. What is the greatest common divisor of 207 and l?
23
Suppose -576 = 2648*d - 2664*d. Let b = 12 + -8. Calculate the greatest common factor of b and d.
4
Let u(w) = 6*w**2 + 13*w - 1. Let h be u(-17). What is the greatest common divisor of h and 56?
56
Suppose 5*c + 70 + 25 = 0. Let f = 33 + c. What is the highest common factor of 98 and f?
14
Suppose -n + 4*a = 9, -a + 3 = -2. Suppose 2*w - 3*w + 3 = 0. Suppose u + n = 4*h + 2, -w*h = u - 26. Calculate the greatest common divisor of u and 22.
11
Suppose 6*n = 12*n - 12. Suppose 0 = -n*y + 71 + 73. What is the greatest common divisor of 9 and y?
9
Let y = 76 + -19. Calculate the greatest common factor of y and 304.
19
Suppose 3*l - 12 = -0. Suppose 3*c = -l*c + 56. What is the greatest common factor of 40 and c?
8
Let m(b) = 8*b - 16. Let g be 5*(1 + -2)*-1. Suppose 0 = -g*f + 4*c + 5, -f + 5*c = -0 + 20. Let x be m(f). What is the greatest common factor of x and 96?
24
Let s = -4 - 8. Let o(t) = t**3 + 14*t**2 + 24*t + 22. Let c be o(s). Let d be (-2)/(-7) - (-306)/7. Calculate the highest common factor of d and c.
22
Let t(a) = a**2 - 10*a + 8. Let g be t(10). Suppose 121*r - g = 119*r. What is the greatest common factor of 32 and r?
4
Let r = 2 + 3. Suppose -7*f - 10 = -r*f. Let b = f - -53. What is the greatest common factor of b and 12?
12
Let f(k) = 3*k**2 - 9*k - 26. Let m be f(-2). Calculate the greatest common divisor of 22 and m.
2
Suppose 5*z - 6*x + x = 385, 0 = 3*z - 5*x - 241. Suppose -2*s - z = -6*s. Let r be (-60)/(-27 + 3611/138). What is the greatest common divisor of r and s?
18
Let h(o) = -o**2 + 3*o + 11. Let g be h(-5). Let d = -17 - g. Calculate the highest common factor of d and 60.
12
Let b = -730 + 865. Let g(u) = 2*u**3 - 1. Let a be g(2). What is the highest common divisor of a and b?
15
Suppose 0 = -3*b - 42 + 192. Let p = b + -32. Suppose -4*d + 2*d + 36 = 0. Calculate the highest common factor of d and p.
18
Suppose -y + 33 + 16 = -4*l, 5*y = -5*l + 295. Suppose -5*q = 7*q - 912. What is the greatest common factor of y and q?
19
Let l(i) = -3*i + 37. Let m(p) = p**2 + 6*p + 5. Let k be m(-6). Let h be l(k). What is the highest common divisor of 132 and h?
22
Let a = -35 + 40. Let u be 28*(a - 4) - (1 + 3). What is the greatest common divisor of 168 and u?
24
Suppose -52*m + 59*m - 903 = 0. Calculate the highest common divisor of 86 and m.
43
Let q(i) = 10*i**2 - 1 + 4 - 2 + 2*i**2 - 2*i. Let o be q(1). Let v = 29 + 26. What is the highest common divisor of v and o?
11
Let u be (-8)/(-10)*(-45)/(-2). Suppose -42 = -2*v - 5*z - 5, 5*v + 5*z = 55. What is the highest common factor of v and u?
6
Let p(l) = 3*l**3 - 7*l**2 - 2*l + 5. Let w be p(-5). Let t be w/(-20) - 9/12. Calculate the highest common divisor of 65 and t.
13
Suppose -z + 12*y + 328 = 8*y, -y + 647 = 2*z. Calculate the highest common divisor of 18 and z.
18
Let y(f) = -f**2 - 2*f - 286. Let q be y(0). Let c be q/(-16) - 1/(-8). What is the highest common factor of c and 27?
9
Suppose -17*o + 2156 = -10*o. Calculate the greatest common factor of o and 44.
44
Let f(l) = 2*l**2 + 9*l - 3. Suppose -s - 6 = -4*y, -2*y + 5 = 4*s - 7. Let v be f(s). Calculate the greatest common divisor of v and 184.
23
Suppose 1 = -5*h + 56. Let q = 237 - 138. What is the greatest common factor of h and q?
11
Suppose -u = -2*w + 21, -5*w + 12*u = 8*u - 45. What is the highest common factor of w and 5213?
13
Let m(f) = 7*f - 7. Let p be m(5). Suppose -5*x = x - 420. What is the highest common factor of x and p?
14
Let v be 3 + ((-59)/4)/(4/16). Let r = v - -105. Let s be (14/(-4))/(2/(-4)). What is the greatest common divisor of s and r?
7
Let x be (-4)/(-10) - (-22)/(-5). Let w be (-1044)/(-24) + (-2)/x. What is the highest common divisor of w and 4?
4
Let k(n) = 6*n**2 - 4*n + 5. Suppose 0 = 2*j - j - 5. Let s be k(j). Suppose -3555 = -117*b - 396. What is the highest common divisor of b and s?
27
Suppose -35*h + 788 = 18. What is the greatest common factor of h and 297?
11
Let a(x) = 210*x - 2. Let y be a(2). Calculate the highest common divisor of 22 and y.
22
Let w = -241 + 263. Calculate the greatest common factor of w and 242.
22
Let t be (8/((-48)/(-27)))/(3/18). Let c be (-162)/(0 + (-9)/12). Calculate the highest common factor of c and t.
27
Suppose -17*h + 61*h - 15884 = 0. Calculate the highest common divisor of h and 19.
19
Let y = -216 + 230. Calculate the greatest common factor of y and 4.
2
Suppose 42*c + 660 = 53*c. What is the greatest common factor of c and 165?
15
Let c be (-7 + (-186)/(-30))/(2/(-1000)). What is the highest common divisor of c and 80?
80
Let n = 331 + -227. Let b = n + -64. Calculate the greatest common divisor of 8 and b.
8
Let z = -1153 - -1477. Suppose 4*n - 164 = -5*v, -5*v = -0*v - 3*n - 192. Calculate the greatest common factor of z and v.
36
Suppose 67*v - 65*v - 226 = 0. Let t = -108 + v. Calculate the highest common factor of 45 and t.
5
Let g be ((-44)/(-10) + -4)/((-4)/(-10)). Let k = g - -56. What is the highest common factor of k and 19?
19
Let y(h) = -h**3 + 9*h**2 - 3*h + 5. Let l be y(9). Let s = l + 26. Suppose s*f - 2 = 102. Calculate the greatest common factor of 13 and f.
13
Let b be 2*(-4)/((-8)/9). Let m = 11 - 3. Suppose -11*k + m*k = -135. What is the greatest common factor of k and b?
9
Suppose -3*i - 6 = -4*z, 5*i + 10 = 4*z - 8. Let n be (-3 + 0 - i)/1. What is the highest common divisor of 27 and n?
3
Let b(z) = 3*z**2 + 2*z + 0*z**2 - 6 - 2*z**2. Let a be b(-6). Suppose 4*u - 91 - 17 = 0. Calculate the greatest common factor of u and a.
9
Let v be 6 + (-7 + 2)/((-12)/132). Calculate the greatest common divisor of 2074 and v.
61
Suppose -230 = -3*o - 0*j - 5*j, 4*o = -4*j + 304. Let b = -41 - -14. Let q = b + 57. What is the greatest common divisor of o and q?
15
Let m be 5*(0 + 3)*-5. Let h = -60 - m. What is the highest common factor of h and 120?
15
Suppose 2283 = 29*z - 849. Calculate the greatest common divisor of z and 351.
27
Suppose 6*v - 234 = 186. Let u = v - -35. What is the greatest common factor of 70 and u?
35
Let c = 190 - 99. Calculate the greatest common divisor of 26 and c.
13
Suppose -t = -0*g + 2*g - 20, -3*t = -4*g - 20. What is the greatest common factor of 1308 and t?
12
Suppose 4*l = 3*x + l, 4*l - 24 = -2*x. What is the highest common divisor of 2 and x?
2
Let k = 63 + 586. Calculate the greatest common divisor of k and 33.
11
Let v be (24 + -19)/((-2)/(-70)). What is the greatest common factor of 105 and v?
35
Let b(m) = -m**3 + 12*m**2 - m + 29. Let s be (-629)/(-51) - (-1)/(-3). Let u be b(s). What is the highest common divisor of u and 1?
1
Suppose 5*g - 40 = -4*j, -2*g = -5*j + j + 12. Suppose -j*q + q + 40 = 0. Suppose q*o - 36 = 6*o. Calculate the greatest common divisor of o and 99.
9
Suppose w = 5*w - 8. Suppose 0 = 4*a - w*y - 256, -5*a + 0*y = y - 313. What is the highest common factor of a and 9?
9
Let q(d) = 300*d**2 - d - 2. Let i be q(-1). What is the highest common divisor of 39 and i?
13
Let a be -4 - (-26*2)/4. Suppose 0*z - a = -3*z, 9 = j - 5*z. What is the greatest common factor of 264 and j?
24
Let y = -2 + 0. Let w = -6 - y. Let u be 3*w/(-18)*75. What is the highest common factor of 20 and u?
10
Let k be 0 - 4 